-90. Suppose -4*l + w = -5*z, -6*l + z + 27 = -3*l. What are the prime factors of l - 2 - (-2)/(-2)?
2, 3
Suppose 3*d + 0*d = -5*q, -5*q - 10 = d. Suppose 2*w = -0*w + d*a, 3*w + 5*a - 25 = 0. What are the prime factors of w?
5
Let h = -17 - -14. Let s(f) = -f**3 - 2*f - 4. List the prime factors of s(h).
29
Let d = 2 - -2. What are the prime factors of (-316)/(-28) - d/14?
11
Suppose 45 = -3*b - 21. Let y = b - -46. What are the prime factors of y?
2, 3
Let s = -25 - -28. List the prime factors of 1 - (480/s)/(-4).
41
List the prime factors of (-46)/(-10) + (-9)/15.
2
Suppose -14 = 5*k + 16. Let o(h) = h + 12. Let m be o(k). Let j(f) = f**3 - 7*f**2 + 7*f. List the prime factors of j(m).
2, 3
Let i(v) = v**3 + 5*v**2 - 5*v - 5. Let u be (8/6)/(2/(-6)). Let h be i(u). Suppose r - 5*s - 1 = 0, -5*r - 3*s = -2*s - h. What are the prime factors of r?
2, 3
Let p = 54 + -34. List the prime factors of p.
2, 5
Suppose -k + 0 = 3*h + 1, -3*h + 1 = -k. Let a be 10/(k*2/6). List the prime factors of ((a/3)/2)/(-1).
5
What are the prime factors of 549/7 - (-45)/(-105)?
2, 3, 13
Suppose -5*j + 184 = 4*d, 183 = -0*j + 5*j + 3*d. List the prime factors of j.
2, 3
Suppose 2*m + 44 = -2*y, 2*m + 54 + 42 = -4*y. List the prime factors of -4*y*3/24.
13
Let z(c) = 39*c - 8. List the prime factors of z(2).
2, 5, 7
Let w = -32 - -50. List the prime factors of w.
2, 3
Suppose 0*g = 4*g - 5*w - 414, -3*w - 107 = -g. List the prime factors of g.
101
Let p = 81 - -11. Suppose -2*z + 4*z - p = 0. List the prime factors of z.
2, 23
Let v(c) = 4*c. Let j be v(-2). Suppose 5*u + 0*d + 3*d = 81, -u + 4*d = -30. Let t = j + u. What are the prime factors of t?
2, 5
Let x(a) = -13*a - 1. Let f(z) = -z - 6. Let o be (5/(-3))/((-1)/(-3)). Let r be f(o). What are the prime factors of x(r)?
2, 3
Let a = 34 + -22. Let o = a - 8. Suppose o*r + 0*r - 40 = 0. What are the prime factors of r?
2, 5
Let l(u) = -u**3 - 3*u**2 + 4*u + 5. Let x be l(-4). What are the prime factors of (x/5)/((-2)/(-48))?
2, 3
Let j = 124 - 34. List the prime factors of j.
2, 3, 5
Suppose 0 = 2*d - 26 - 80. Suppose d = 3*l - 1. List the prime factors of l.
2, 3
Let z = -5 + 9. Suppose z*k - 2*k - 34 = 0. List the prime factors of k.
17
Let t(u) = -4*u**2 - 3*u + 1. Let j(v) = -7*v**2 - 5*v + 2. Let s(r) = -3*j(r) + 5*t(r). Let g be 3*(12/9 + -2). What are the prime factors of s(g)?
3
List the prime factors of (-31)/((2 + 2)/(-4)).
31
Suppose 6 = -4*j + 2*j, -5*g + j = -13. Suppose 5*d = g*d - 39. Let x = d + 25. What are the prime factors of x?
2, 3
Let a(u) = -u**3 - 11*u**2 - 16*u - 13. What are the prime factors of a(-10)?
47
Suppose w - 3*t = -0*t + 81, 0 = t. What are the prime factors of w?
3
Let g(n) be the first derivative of -2*n**2 + 6*n + 2. Let k be g(-5). Let y = k - 17. List the prime factors of y.
3
Suppose -5*j - 5 = -0. Let l be (j/(-2))/((-1)/14). Let s(d) = -d**2 - 8*d + 1. What are the prime factors of s(l)?
2
Let a(v) = 5 - 8*v**2 + 5*v**2 + 4*v**2 + 5*v. List the prime factors of a(-5).
5
Suppose 0 = -2*f - 3*j + 35, -3*f = 4*j - 5*j - 36. List the prime factors of f.
13
Let z(p) = p**3 + 2*p - 3. Let i be z(2). Let c = 11 - i. List the prime factors of (33/6*c)/1.
11
Let j(r) = 39*r + 1. List the prime factors of j(1).
2, 5
Suppose 2*l = l - p + 202, -4*l + 816 = -4*p. What are the prime factors of l?
7, 29
Suppose 0*t = -4*t + 48. Let v be (t/1)/((-6)/8). Let k = -9 - v. What are the prime factors of k?
7
Suppose 2*l = 4*u + 3*l - 254, -2*u + 3*l + 120 = 0. List the prime factors of u.
3, 7
Suppose 7*i - 360 = 403. What are the prime factors of i?
109
Suppose 0*j + 126 = 4*q - j, -2*j = 5*q - 164. Let t = -21 + q. List the prime factors of t.
11
Let h(l) = -13*l**3 + 2*l**2 - 2*l + 1. Let n be h(1). Let q be (-2)/3 - 68/n. Suppose 3*r = q*w - 33, 2*r = 5*w + 6*r - 61. What are the prime factors of w?
3
Let l(v) = -v**3 + 11*v**2 - 14*v + 9. List the prime factors of l(9).
3, 5
Let f(n) = n**3 - n + 1. Let s be f(2). Suppose -3*h = -s*h + 52. Suppose g + 3 - h = 0. What are the prime factors of g?
2, 5
Let p be ((-3)/4)/((-1)/(-8)). Let a(m) = m + 5*m + m**2 + 0*m + 4. What are the prime factors of a(p)?
2
Let a(z) = z**2 + 16*z + 32. List the prime factors of a(-20).
2, 7
Suppose 46 = 3*w - 26. What are the prime factors of w?
2, 3
Let l(r) = -r**2 + 11*r + 14. Let v be (5 - 2) + -5 + 13. List the prime factors of l(v).
2, 7
Suppose 2*a - a = 2. Suppose 2*n = 5*h - 28, h = 4*n - 0 + a. List the prime factors of h.
2, 3
Let n(i) = 4*i**2 - 1. Let k be n(1). Let y be k/(-12) + (-13)/(-4). Suppose 3 = -y*f + 4*f. List the prime factors of f.
3
Let j(u) = -2*u**3 - 2*u**2 - 2. Suppose -2*z + 2*l = 8, -2*z - 5*l + 17 = -4*z. Let f = z - 1. What are the prime factors of j(f)?
2, 3
Let w be ((-2)/6)/(6/(-18)). Let g = 6 - 10. Let y = w - g. List the prime factors of y.
5
Let n(q) = q**3 + 7*q**2 + 7*q + 2. Let g be n(-5). Suppose 9 = 2*c - g. What are the prime factors of c?
13
Let w(u) = u**2. Let s be w(1). Let y be (118/1)/(2/s). Suppose 3*x + 51 = 4*f - 21, 5*f - y = -4*x. What are the prime factors of f?
3, 5
Suppose 0 = -4*b - 3*u + 562, -u - 344 - 71 = -3*b. List the prime factors of b.
139
Suppose -2*z = -5*p - 0*z - 98, 5*z = 5*p + 95. Let m = 3 - p. List the prime factors of m.
23
Let h(v) = 4*v. Let s be h(-1). Let o = s + 4. Suppose o = -g + 9 + 3. What are the prime factors of g?
2, 3
Let u be 2/(3/(114/(-4))). Let c = 22 - u. List the prime factors of c.
41
Suppose -5*s + s + 5*m = -41, -4*m = s - 5. What are the prime factors of 4/((s/6)/3)?
2
Let g(d) = -6*d**2 + d - 21. Let k(y) = -y**2 - 4. Let c(n) = -4*g(n) + 22*k(n). What are the prime factors of c(4)?
2, 3
List the prime factors of (0 - ((-8)/(-2) + -13))*21.
3, 7
Suppose -5*a + 15 + 35 = 0. List the prime factors of a.
2, 5
Let a be 6/(-7)*(-14)/(-2). Let z = -2 - a. What are the prime factors of z?
2
Let m(z) = -2*z**3 - 2*z**2 + 3*z + 3. Let x be m(-2). Suppose 0*v = -4*v + 100. Suppose 0 = i, 30 + v = x*k + i. What are the prime factors of k?
11
Let y = -1 - 1. Let r be ((-10)/4)/(y/4). Suppose -w = 2*w + 2*j - 17, -2*j = -r*w + 23. What are the prime factors of w?
5
Let h = -1 - 4. Let b be -1*2*h/2. Suppose 2*l - 3 = -l + q, 15 = b*q. What are the prime factors of l?
2
Suppose -4*r + 5*n = -3*r - 14, 0 = 3*r - 5*n - 32. Suppose -3*q + r = -0*q. Suppose 4*f = 2*x - 0*f + 10, -q*f = 2*x - 18. List the prime factors of x.
3
Let u(a) be the first derivative of -5/2*a**2 + a - 2. List the prime factors of u(-2).
11
Let c(h) = h**2 - h + 3. What are the prime factors of c(6)?
3, 11
Let n(t) = 17*t + 1. Let i be n(1). Suppose i = r - u, 0*r + 2*u + 23 = r. What are the prime factors of r?
13
Let y be ((-4)/(-5))/((-4)/(-150)). Suppose 3*c + 2*o = -o + 54, c - y = -4*o. What are the prime factors of c?
2, 7
Let v(a) = a**2 + 4*a - 8. List the prime factors of v(-9).
37
Let b = -37 - -71. List the prime factors of b.
2, 17
Let w(s) = -s**3 - 8*s**2 + 8*s. What are the prime factors of w(-9)?
3
Suppose 3*f + f = -16. List the prime factors of (3 + -2)*(1 - f).
5
Suppose 27 - 91 = -f. What are the prime factors of f?
2
Let j be (-1)/5 + (-33)/(-15). Suppose -6*y + j*y + 84 = 0. List the prime factors of y.
3, 7
Let b(r) = -r**2 - r + 2. Let x be b(3). Let j(k) be the third derivative of -k**4/24 - 2*k**3/3 + 29*k**2. What are the prime factors of j(x)?
2, 3
Let i = 3 - 6. Let p be 10 + 0 - (i + 1). What are the prime factors of (-2)/3 - (-56)/p?
2
Let s(p) = -4*p + 6. Let y be s(-6). Suppose q = 4*q - y. List the prime factors of q.
2, 5
Suppose 2*l = 5*v - 10, 2*v = -3*v - l - 5. Suppose z + 58 = 2*a - z, v = 4*z + 8. List the prime factors of a.
3
Suppose 0 = -28*b + 21*b + 252. List the prime factors of b.
2, 3
Let u be -2 + -6*(1 + -2). Suppose -u*o + 11 = 3. Suppose 0 = -0*c + c - 4, o*k + 2*c = 30. List the prime factors of k.
11
Suppose 4*f - 2*d - 27 - 87 = 0, -3*f - 3*d = -63. Suppose 0*x = -x + f. Suppose 5*g = x + 14. What are the prime factors of g?
2
Suppose -5*b + 170 = 4*a, -4*a - 2*b + 86 = -2*a. List the prime factors of a.
3, 5
Suppose 0*i - i = -1, 0 = -3*z - 5*i - 19. What are the prime factors of 37 - -2*(-12)/z?
2, 5
Suppose -2*n = 5*d + 2, -4*n - 2*d = -2 - 10. Let k = n + -53. Let c = -33 - k. Li